r of 11 and g.
1
Let f(m) = 17*m - 48. Let o be f(4). What is the greatest common factor of o and 12?
4
Let t = 44 + 142. What is the highest common factor of t and 62?
62
Suppose a + 40*s = 38*s + 933, 0 = -3*a - 3*s + 2787. Calculate the greatest common divisor of a and 25.
25
Let m(b) = 2*b**2 + 11*b + 4. Let u be m(-6). Let z be 5*(2/u - (-4 + 3)). Let t(k) = -k + 3. Let x be t(0). What is the greatest common divisor of x and z?
3
Let c(l) = -3*l**2 + 1. Let v be c(-1). Let d be 1*v/6*-30. Let w be (-5)/(-25) + 8/d. Calculate the highest common divisor of w and 8.
1
Let j(b) be the second derivative of b**4/12 - 7*b**3/6 - 2*b**2 + 7*b. Let y be j(9). Let h = -42 + 77. Calculate the greatest common factor of h and y.
7
Suppose -4*n - 68 = -x, 37*x + 202 = 41*x - 2*n. What is the highest common divisor of x and 96?
48
Let u = 47 + -51. Let z(v) = -10*v - 6. Let s be z(u). What is the greatest common divisor of 51 and s?
17
Suppose -28*z = 4*y - 23*z - 347, 4*y - 350 = -2*z. What is the greatest common factor of 297 and y?
11
Let v = -215 - -216. What is the greatest common factor of v and 1?
1
Suppose 5*i + 104 + 6 = 5*t, 4*t + 4*i - 128 = 0. Let x = -411 - -414. What is the highest common divisor of t and x?
3
Suppose 3*g - 120 = -5*q - 0*q, -120 = -3*g - 4*q. Let y be (g/(-6))/((-12)/(-414)). Let s = 13 - y. What is the highest common factor of 27 and s?
27
Let d = 51 - 81. Let l = d + 62. Calculate the greatest common divisor of l and 64.
32
Suppose 4*w = w - 9, -4*b = 4*w - 92. Calculate the greatest common divisor of 299 and b.
13
Let j = -36 + 27. Let l = j + 24. What is the greatest common factor of l and 105?
15
Suppose 21 = 3*g - 5*l - 50, 2*g - 41 = -3*l. Calculate the highest common divisor of 1738 and g.
22
Let x = -17 + 20. Suppose -280 = -x*j - j. Calculate the greatest common factor of j and 105.
35
Let b = -9 - -41. Calculate the greatest common factor of 56 and b.
8
Suppose -r = 4*d - 369, -2*r + 186 = 2*d + 6. What is the highest common factor of 31 and d?
31
Let q = 618 - 598. What is the greatest common divisor of q and 1580?
20
Let x be (14 + -1 + -3)/(2*1). What is the highest common factor of 55 and x?
5
Let g(u) = 3*u - 3. Let d be g(3). Suppose z - 9 = d. Suppose -23*b + 761 = -964. Calculate the greatest common factor of b and z.
15
Let m(l) be the third derivative of -l**5/60 - 11*l**4/24 + 4*l**2. Let h be m(-10). What is the greatest common divisor of h and 90?
10
Let q = -508 + 298. Let b = -122 - q. Calculate the greatest common divisor of 8 and b.
8
Let w = -905 + 906. Let i = 5 - 4. What is the greatest common divisor of i and w?
1
Suppose -12 = h - 4*z, 3*h + 67 + 33 = -4*z. Let f = h - -56. Calculate the greatest common factor of 224 and f.
28
Suppose 352 = -f + 4*a, 3*a = f + f + 684. Let r be 3 + f/(-1 - 1). What is the highest common divisor of 19 and r?
19
Let h be ((-1040)/(-156))/(0 + 2/36). Calculate the highest common divisor of h and 210.
30
Let y be (-1)/(-2*(-1)/(-234)). Let a be (-70)/(-6)*(-16)/(-14) - (-23)/(-69). Calculate the greatest common divisor of a and y.
13
Suppose -4*o - 4*l = 0, -o + 4*l = -4*o - 2. Let i be 10 + 0 + o - -4. Calculate the greatest common factor of 48 and i.
16
Suppose -525 = -5*a - 5*r, 0*a - 2*a + 3*r = -195. What is the highest common factor of 12 and a?
6
Let p = 118 - 97. Suppose 3*u + 8*c - p = 11*c, -c - 15 = -2*u. Calculate the highest common divisor of u and 36.
4
Let d = 340 - 337. Let z be (6/10)/(1/5). Calculate the greatest common divisor of z and d.
3
Let t(z) = z - 7. Let f be t(-3). Let g be ((-24)/20)/(3/f). Suppose -h + 95 = -l, -g*h - 2*l - 281 = -7*h. What is the highest common factor of 13 and h?
13
Let i(q) = q**2 + 3*q + 6. Let w be i(-9). What is the highest common factor of 16 and w?
4
Suppose 12 = 2*l + 4*p, -2*l + 24 = -3*p + p. Suppose 4*t + 21 = 1. Let u = l + t. Calculate the highest common divisor of 1 and u.
1
Suppose p - 13 = -0. Let b = p + -10. Let r(y) = 2*y**2 - 5*y + 3. Let m be r(b). Calculate the greatest common factor of 42 and m.
6
Let u be ((-10)/3)/(2/3). Let w be 8/(-20) - 127/u. Calculate the highest common factor of 225 and w.
25
Suppose -v + i = 5*i - 183, -5*v = 2*i - 861. What is the highest common divisor of v and 27?
9
Let p(g) = g + 2. Suppose 2*i - n = 26 - 4, 2*n + 20 = 2*i. Let d be p(i). What is the highest common factor of d and 14?
14
Let o(b) = 2*b**2 - 109*b + 330. Let l be o(3). Let w = -7 + 13. Calculate the greatest common divisor of w and l.
3
Let y(q) = -2*q**3 + 28*q**2 - 11*q + 1. Let g be y(13). What is the highest common factor of g and 28?
28
Suppose -14*w + 289 = -355. Calculate the highest common divisor of 46 and w.
46
Suppose 3*j = j + 10. Suppose -j*w + 2*b + 818 = -w, w + b - 203 = 0. Suppose -r = 3*r - 3*n - w, -4 = n. What is the greatest common factor of 16 and r?
16
Suppose 8370 = 37*d - 3544. What is the highest common divisor of d and 14?
14
Suppose 19 = b + u, 3*u - 68 - 5 = -4*b. Suppose -q + 9 + 4 = 5*a, -4*a + 3*q - 1 = 0. What is the highest common divisor of a and b?
2
Suppose 531 = -5*f - 384. Let a be 3 + (-6)/3 - f. What is the highest common factor of 23 and a?
23
Let z be 2/(-7) + 92/28. Let u(s) = -2*s + 4 + z*s + 2. Let r be u(5). Calculate the highest common divisor of 55 and r.
11
Suppose 0 = -2*v + 5*c + 15, -3*c - c - 12 = 0. Let i = -11 - -7. Let b = v - i. Calculate the highest common divisor of b and 2.
2
Let y be -14 + -3*(-3)/3. Let x be -3 + (y/3)/(1/(-3)). What is the highest common divisor of x and 64?
8
Let g(c) = 199*c**2 + 3*c + 27. Let u be g(-3). What is the greatest common divisor of 27 and u?
27
Let s(i) = i**2 - 6*i + 2. Let a be s(7). Let w(p) = -10*p + 15. Let u be w(-3). What is the highest common divisor of u and a?
9
Let c be (4 + -1 + 2)*1584/660. Calculate the highest common factor of 108 and c.
12
Let s(g) = -g**2 + 19*g - 14. Let f be s(12). Suppose -4*u = u + f. Let c be (-4)/u + (-164)/(-14). Calculate the greatest common factor of c and 4.
4
Let z = 5 - -1. Suppose -15*a - 2*a = 136. Let f = z - a. Calculate the greatest common divisor of 28 and f.
14
Let w be ((-33)/(-22))/(6/8). Suppose 2*u = -w + 6. Let m be (27/6 - u)*2. Calculate the highest common divisor of m and 20.
5
Suppose 4*w - 2 - 6 = 0. Let q(z) = z**3 - 6*z**2 + 5*z + 7. Let s be q(5). Suppose -m = -s*m + 18. What is the greatest common divisor of m and w?
1
Suppose l - 918 = -4*a, -8*l + 4*l - 238 = -a. Calculate the greatest common factor of a and 50.
10
Let m = 0 - -28. Let z = m + -4. Suppose 0 = 3*a + 2*a - 40. Calculate the greatest common divisor of a and z.
8
Suppose -5*w = 5*j - 35, w - 2*j = 4*w - 22. Let k be (w/(-5))/(13/(-520)). Let t be 12/(-9) + k/12. What is the highest common factor of t and 8?
4
Let f(x) = -3*x + 7. Let z be f(0). Suppose -z*v + 80 = v. Calculate the highest common divisor of v and 2.
2
Let x = -866 + 880. Calculate the greatest common divisor of x and 14.
14
Suppose u + 2*l + 3 = 0, l - 6*l - 25 = 0. Calculate the greatest common divisor of 14 and u.
7
Let z(n) = 3*n**2 - 11*n + 4. Let b be z(4). What is the greatest common divisor of 40 and b?
8
Let c = 13 - 11. Suppose 0 = -w + 3, o + 3*o + 2*w - 22 = 0. Suppose -c*t + o + 8 = -2*i, -5*t = 5*i - 60. What is the greatest common factor of 1 and t?
1
Let m(g) = -3*g + 26. Let o be m(18). Let z = 55 + o. What is the greatest common factor of z and 3?
3
Let v(m) be the third derivative of -m**6/10 + m**5/60 + m**4/12 + m**3/6 + 36*m**2. Let h be v(-1). What is the greatest common divisor of h and 8?
4
Suppose 10 = -2*s, 0*s - 39 = 2*x - s. Let t be 4/x + 24479/143. Suppose 0*f = -3*f + 57. Calculate the highest common divisor of f and t.
19
Let q be (1/(-3))/((-73)/657). What is the greatest common factor of 1137 and q?
3
Let l = -33 - -51. Let i = -2 - 6. Let o = i + 98. What is the greatest common factor of l and o?
18
Let k be (8/(-3))/((-4)/(-36)). Let f be k/(-2) + -7 + (1 - 3). Let i = -39 + 60. What is the greatest common divisor of f and i?
3
Let i(l) = 4*l**2 + 3*l + 2. Let p be i(-1). Suppose -2 = p*v - 32. Calculate the highest common divisor of 10 and v.
10
Suppose 0 = -0*t + 17*t - 442. Calculate the highest common divisor of 2 and t.
2
Let r = 2 + 2. Let j(a) = a**3 + a**2 -